on divisor of 3360 and 13580.
140
What is the highest common divisor of 391043 and 4213?
383
Calculate the greatest common factor of 381 and 356997.
381
What is the highest common factor of 2550114 and 333?
333
What is the greatest common divisor of 7239 and 4953?
381
Calculate the greatest common divisor of 19039 and 16116.
79
What is the highest common factor of 1821117 and 69?
69
What is the greatest common divisor of 11968 and 7808?
64
What is the greatest common divisor of 4364 and 16?
4
What is the highest common divisor of 192 and 1688208?
48
Calculate the highest common factor of 332 and 2672600.
332
Calculate the greatest common factor of 624 and 5538.
78
Calculate the greatest common factor of 12 and 2436468.
12
What is the highest common factor of 20207 and 121?
121
Calculate the greatest common factor of 54079 and 41.
41
What is the highest common divisor of 1260 and 4725?
315
Calculate the highest common divisor of 128 and 1716736.
128
Calculate the highest common divisor of 872 and 9919.
109
Calculate the highest common factor of 111 and 366411.
111
Calculate the greatest common divisor of 618 and 3760118.
206
Calculate the highest common divisor of 280 and 658.
14
What is the greatest common factor of 1041 and 332?
1
What is the greatest common factor of 161 and 105731?
23
Calculate the highest common factor of 34 and 216563.
17
What is the greatest common divisor of 193568 and 128?
32
Calculate the highest common divisor of 432685 and 55.
55
Calculate the highest common factor of 1512 and 44478.
126
Calculate the greatest common divisor of 595162 and 2.
2
Calculate the highest common divisor of 219926 and 644.
322
Calculate the highest common divisor of 31165 and 12995.
115
Calculate the highest common factor of 93773 and 158.
79
What is the greatest common factor of 3976 and 39476?
284
Calculate the highest common divisor of 9537 and 204.
51
Calculate the greatest common factor of 68 and 34068.
68
What is the highest common factor of 3652 and 15604?
332
What is the greatest common divisor of 10890 and 187?
11
Calculate the greatest common factor of 45009 and 54.
27
What is the highest common factor of 61160 and 110?
110
Calculate the highest common divisor of 46185 and 15.
15
What is the greatest common factor of 90 and 14460?
30
What is the highest common factor of 15993 and 72?
9
Calculate the highest common factor of 2205 and 1233.
9
Calculate the greatest common factor of 48934 and 2322.
86
What is the greatest common divisor of 1545 and 104751?
309
Calculate the highest common factor of 21892 and 1404.
52
Calculate the greatest common factor of 3128 and 35972.
1564
Calculate the greatest common factor of 43626 and 1254.
66
What is the greatest common divisor of 169911 and 105?
21
What is the greatest common factor of 6 and 82146?
6
What is the highest common factor of 1750 and 14770?
70
Calculate the greatest common divisor of 25 and 18470.
5
Calculate the highest common divisor of 4527 and 5.
1
What is the greatest common factor of 5761 and 557171?
823
What is the highest common divisor of 47580 and 8060?
260
Calculate the greatest common factor of 184 and 2372.
4
What is the highest common factor of 551 and 5771?
29
What is the greatest common factor of 48062 and 322?
14
What is the highest common divisor of 1898 and 6656?
26
What is the greatest common divisor of 39735 and 279?
9
Calculate the highest common factor of 930 and 163866.
186
Calculate the greatest common divisor of 20 and 4782940.
20
Calculate the greatest common factor of 15 and 100565.
5
Calculate the greatest common factor of 68862 and 4416.
138
Calculate the greatest common factor of 34 and 2872762.
34
What is the greatest common factor of 112 and 32368?
112
Calculate the highest common factor of 3987 and 9.
9
What is the highest common factor of 34075 and 2585?
235
What is the highest common divisor of 96 and 58400?
32
Calculate the highest common factor of 17985 and 165.
165
What is the highest common divisor of 51606 and 5922?
846
Calculate the greatest common factor of 23 and 1024.
1
What is the greatest common factor of 10437 and 20661?
213
What is the highest common divisor of 81519 and 7395?
87
Calculate the greatest common divisor of 700 and 92512.
28
What is the highest common factor of 584 and 40?
8
What is the highest common divisor of 12728 and 16684?
172
What is the greatest common factor of 125 and 20675?
25
What is the greatest common divisor of 64953 and 315?
63
Calculate the highest common factor of 72468 and 45.
9
Calculate the highest common factor of 910 and 41015.
65
What is the highest common divisor of 1524438 and 180?
18
What is the greatest common factor of 18868 and 3916?
356
What is the greatest common factor of 172 and 1724?
4
What is the greatest common factor of 2460 and 84255?
615
Calculate the highest common factor of 7650 and 280398.
102
What is the highest common factor of 536 and 118054?
134
Calculate the highest common factor of 9379 and 35.
1
What is the highest common divisor of 943 and 5698549?
943
Calculate the highest common factor of 157400 and 75.
25
Calculate the greatest common factor of 16 and 9736.
8
What is the greatest common divisor of 1506 and 451047?
753
What is the highest common divisor of 324 and 8775?
27
What is the highest common factor of 856736 and 11808?
1312
Calculate the greatest common divisor of 90068 and 1068.
356
Calculate the highest common divisor of 2 and 278774.
2
What is the greatest common factor of 268848 and 1584?
144
Calculate the highest common factor of 1464 and 312.
24
Calculate the highest common divisor of 34232 and 6556.
44
What is the highest common factor of 1452 and 2280?
12
Calculate the greatest common divisor of 38313 and 213323.
473
Calculate the highest common factor of 386652 and 252.
84
Calculate the greatest common divisor of 34153 and 94962.
833
Calculate the highest common divisor of 143 and 152165.
13
What is the highest common divisor of 40 and 48310?
10
Calculate the highest common factor of 1848 and 12.
12
What is the highest common factor of 2992 and 12727?
11
What is the greatest common divisor of 990 and 43920?
90
What is the greatest common factor of 805 and 843847?
23
Calculate the greatest common factor of 4483375 and 806.
403
Calculate the highest common divisor of 5751 and 113562.
81
Calculate the highest common divisor of 4914 and 97994.
26
Calculate the greatest common factor of 384 and 1624704.
384
Calculate the highest common factor of 39130 and 338.
26
Calculate the highest common divisor of 363184 and 128.
16
What is the highest common divisor of 15 and 331581?
3
Calculate the highest common divisor of 64 and 479.
1
What is the greatest common divisor of 1586 and 15801318?
1586
What is the greatest common divisor of 5053 and 5146?
31
Calculate the highest common divisor of 540 and 16380.
180
What is the greatest common divisor of 5784 and 343907?
241
What is the greatest common factor of 3422405 and 35?
35
Calculate the greatest common factor of 96 and 9552.
48
Calculate the greatest common factor of 22711 and 578257.
1747
Calculate the greatest common divisor of 2398 and 66.
22
What is the greatest common factor of 7 and 18599?
7
What is the highest common factor of 3753 and 695?
139
Calculate the greatest common factor of 48 and 2190800.
16
What is the highest common divisor of 7015 and 54595?
305
What is the greatest common divisor of 155742 and 2121?
303
What is the greatest common divisor of 101 and 4863857?
101
Calculate the greatest common divisor of 720110 and 7490.
1070
What is the greatest common factor of 91 and 132832?
7
Calculate the greatest common divisor of 3152 and 51104.
16
What is the highest common divisor of 99890 and 210?
70
Calculate the greatest common divisor of 82998 and 7424.
58
What is the highest common factor of 13 and 63631?
1
Calculate the highest common factor of 26024 and 8.
8
What is the greatest common divisor of 11250 and 89625?
375
What is the greatest common divisor of 152 and 31424?
8
Calculate the greatest common factor of 564390 and 90.
90
Calculate the greatest common factor of 317652 and 6592.
412
What is the greatest common divisor of 10 and 322810?
10
What is the greatest common factor of 494